 - 10*a - 4. Let b(k) = k**2 + k - 1. Let p(o) = -2*b(o) - h(o). Determine p(r).
-6
Let b(s) be the second derivative of 1/6*s**3 - 7*s + 7/2*s**2 + 0. Determine b(-6).
1
Let z be 4 - -2 - (2 + 1). Let b(c) = -5 + 5 + z*c. Determine b(3).
9
Let f(z) be the third derivative of z**5/120 - z**4/24 - z**3/6 - z**2. Let n(s) be the first derivative of f(s). Let p = 270 - 272. Give n(p).
-3
Suppose g = b - 0*b - 3, 0 = b + 5*g + 21. Let h(n) be the first derivative of -2*n**3 + n**2/2 - 11. What is h(b)?
-7
Suppose 2*z = 1 - 3. Let u(s) = -7*s**3 + 1. Let x(g) = g**3 - g**2 + g. Let k(a) = u(a) + x(a). Give k(z).
5
Let t(w) = -1. Let a(i) = 7. Let n(s) = -a(s) - 6*t(s). Let u(g) = -2*g**2 + 3*g + 6. Let m(o) = -3*n(o) - u(o). Give m(3).
6
Suppose -5*n = -2*s - 132, 5*n - 124 = 2*s + 2*s. Suppose 0 = -5*v + n + 7. Let u(r) = -r. What is u(v)?
-7
Let q = 171 - 169. Let f(p) be the third derivative of -1/8*p**4 + 0*p + 0 + 3*p**q + 1/3*p**3 - 1/60*p**5. Give f(-3).
2
Let z(t) = 31*t**2 + 2*t + 1. Let g(i) = -2*i + 1. Let r be g(1). Calculate z(r).
30
Let s(u) = u**2 - 1. Let g(f) = f**3 - 3*f**2 - 3*f - 2. Let z be g(4). Let h = -5 - -1. Let i = h + z. Calculate s(i).
3
Let v = 72 + -73. Let d(k) be the first derivative of 5*k**3/6 - 2*k + 2. Let j(g) be the first derivative of d(g). Determine j(v).
-5
Let l be (2/(-2))/(0 - 1). Let y(w) = -w**2 + 1. Let x(k) = k**2 - 7*k - 2*k**2 - 4*k**2 + 9. Let n(c) = l*x(c) - 6*y(c). What is n(5)?
-7
Let d(s) = 2*s + 1. Suppose -3*i + 3 + 39 = 0. Suppose 4*r = 3*z - 5*z + 12, -5*r = 3*z - i. Suppose -r = 4*a - 0. What is d(a)?
-1
Let o(k) = k**2 - 3*k + 2. Suppose 2*w - 7*w = -10. What is o(w)?
0
Suppose 4 = 3*p + o, 6*p - p = 5*o. Let i(t) be the second derivative of 11*t**5/20 + t**3/6 - 2*t. Determine i(p).
12
Let t(m) = 4*m + 23. Let y(n) = -2. Let v(j) = 2*t(j) + 22*y(j). Let k(a) = -2*a**3 - a**2 + 1. Let h be k(1). What is v(h)?
-14
Let b be (-6)/9*9/1. Let f = b - -10. Let j(c) = -c + f + 2 + 1. Give j(0).
7
Suppose 4*q = -2*g + 3*g + 11, 2*g + 10 = 5*q. Suppose -q*l = -11 - 9. Let p(c) = c**2 - 5*c - 5. Determine p(l).
-5
Let w be -4 + 1 + 2 + 2. Let h(l) be the first derivative of -1/2*l**4 + 0*l**2 + 1 - l + 1/3*l**3. Calculate h(w).
-2
Let j be ((-5)/(-2))/((-5)/(-12)). Let q(p) = -p**3 + 6*p**2 + p. Give q(j).
6
Suppose 0 = 3*r + 2 + 7. Let p(w) = -w**2 - 2*w. Determine p(r).
-3
Let w(i) = -7*i + 14. Let c(b) = -13*b + 27. Let l(z) = -6*c(z) + 11*w(z). Calculate l(7).
-1
Suppose -3*c = 4*x - 46, 0 = x + x + 4*c - 28. Suppose -2*z + x = 4*y, 4*y + 4*z + 10 = 2*y. Let w = y - 6. Let j(i) = 4*i**2 - 2*i - 1. Give j(w).
5
Let w(j) = 4*j**2 - j. Suppose m = -2*m. Suppose -5*a + 30 = 5*s - m*a, 4*s - a = -1. Give w(s).
3
Let x(r) = -2*r**2 + 3*r - 3. Let h be (24/(-30))/(4/(-10)). Determine x(h).
-5
Let h(u) = -u**2 - 4*u - 3. Let f(p) = p - 2. Let i be f(0). Let t(d) = 5*d**3 + d. Let g be t(-1). Let r = g - i. What is h(r)?
-3
Let c(t) = 2*t + 23. Let a(o) = -o - 12. Let y(q) = -7*a(q) - 4*c(q). Calculate y(0).
-8
Let q = -1 - -6. Let s(m) = m - 3. Give s(q).
2
Let s be (24/(-15))/(6/(-15)). Let i(m) be the first derivative of -m**2/2 + 3*m - 1. Give i(s).
-1
Let l = -38 - -115/3. Let v(n) be the first derivative of -5*n + 1 - 3/2*n**2 - l*n**3. Determine v(-4).
-9
Let g(t) = -4 + 10 - t**3 - 9 - 3*t + 5*t**2. Calculate g(5).
-18
Let r(l) = l**2 + 2*l - 3. Suppose -v - 25 = 4*v. Calculate r(v).
12
Let d = 13 + -6. Let g(h) = -h**3 + 6*h**2 + 7*h - 1. Let r be g(d). Let a(o) = 10*o + 1. What is a(r)?
-9
Let c(v) = v**2 + v - 1. Suppose 5*y + 5*r + 2 = -3, -3*r = 2*y + 5. Let m(u) = -3*u**2 - 3. Let l(g) = y*c(g) - m(g). Give l(-1).
4
Let t(k) = -k - 7. Let i(o) = o**2 - 14*o - 4. Suppose -2*m + 3*m = 14. Let g be i(m). Determine t(g).
-3
Let m be (-110)/(-5)*(-2)/(-4). Let a = 10 - m. Let u(d) = -8*d**3 - d - 1. What is u(a)?
8
Let d(x) be the first derivative of -x**2/2 - 4*x - 24. Determine d(-5).
1
Suppose 2*f + s = 0, -s = -5*s - 8. Let q = 0 - f. Let c = -2 + q. Let l(d) = -d**3 - 3*d**2 + 2*d + 3. Calculate l(c).
-3
Let v(x) = -x**3 - x**2 + 4*x. Let r(s) = s**3 + 17*s**2 + 15*s - 19. Let p be r(-16). What is v(p)?
6
Suppose 2 = 4*i + 3*v + 29, i - 4*v = -2. Let u(x) = -x - 7. What is u(i)?
-1
Let l = 7 - 6. Suppose f + 0 - 3 = 0. Let c(g) = -4*g - 7 + f + 2 + 3. Give c(l).
-3
Suppose -2*a = -a - 4. Let x(i) = -2*i + 2. What is x(a)?
-6
Let c = -3 + 5. Suppose 8 + 0 = 4*p, -c*p = t - 1. Let b(a) = -3*a + 1. Calculate b(t).
10
Let y(z) = 0*z**2 - 3*z + 7 + z**2 - 2. Suppose -5*r = -i - 21, -3*i + 35 = 2*i + 3*r. Suppose -3*s - i = -4*s. Determine y(s).
9
Let r(c) = -3*c**2 - 4*c - 2. Let g(a) = 15*a**2 + 20*a + 10. Let z(f) = 2*g(f) + 11*r(f). Give z(-3).
-17
Suppose 0 = 4*p - 48. Suppose -4*l - 2*d = -3*d + 3, -5*l = 4*d - p. Let w(x) = x + 6. Calculate w(l).
6
Let w(n) be the first derivative of -n**3/3 - 5*n**2/2 - 4*n + 1. Suppose 3*r - 7 = 2*j, 4*j - 4 + 0 = 0. Suppose -2*k - 13 = -r. Calculate w(k).
-4
Let o = -22 - -18. Let r(m) = m**2 + 4*m + 5. What is r(o)?
5
Suppose 1 = 3*o - 2*y - 12, -o - 2*y = 9. Suppose -4*w - o = -m + 6, 5*m = -5*w + 10. Let n(q) be the second derivative of q**3/3 - q**2/2 - q. Give n(w).
-3
Let j(c) be the third derivative of -2*c**5/15 - c**4/24 + c**3/6 + 7*c**2. Determine j(1).
-8
Let p(l) = 11*l**3 - 2*l - 1. Suppose -n = r - 0*n + 6, 3*r = -n - 8. Determine p(r).
-10
Let n(j) = 63*j + 3 + 4*j**2 - j**3 + 63*j - 130*j. What is n(3)?
0
Let j(a) be the first derivative of 2*a**3/3 - 2*a - 3. Suppose 3 = 4*r - 5. Determine j(r).
6
Let h(c) = 2*c**2 - 2*c**3 + 3*c + 0*c**3 + c**3 + 4. Give h(3).
4
Let h(i) = -i**2 - 3*i + 3. Suppose -2 = -p - 2*g + 3*g, 5*g = -5*p + 60. Suppose 2*k - 3*o = 10, -4*o = 2*k - 3 + p. What is h(k)?
-7
Let v = 2 + -4. Let g = -2 - v. Let w(i) = 2 - 3*i + 4*i + g - 4*i. Calculate w(3).
-7
Let h(t) = -4 + 2 - t + 7. Determine h(-5).
10
Let k(q) = -10*q - 16. Let r(p) be the first derivative of 3*p**2/2 + 5*p - 1. Let h = -12 - -5. Let s(c) = h*r(c) - 2*k(c). Calculate s(0).
-3
Let t(z) = -z. Let c(m) = -2*m - 7. Let s(j) = c(j) - t(j). Suppose 5*x - 1 = -4*f + 21, 0 = -4*f - 3*x + 18. Let v be 0*(15/(-6) + f). What is s(v)?
-7
Suppose 11*r = 8*r. Let m(k) = -k**2 + k - 3. Give m(r).
-3
Let t(n) = 2*n + 13. Let m(p) = 2*p + 12. Let x(i) = 4*m(i) - 3*t(i). Calculate x(-7).
-5
Let r(v) = v - 3. Let n(s) = -s + 2. Let k be n(7). Let j = -4 - k. Let p be (-2)/(j/((-10)/(-4))). What is r(p)?
-8
Suppose 2*u - 10 = -6. Suppose u*d = -5*t + 11, 2*d = 5*d + 2*t. Let s(x) = 2*x**2 + 2*x - 1. What is s(d)?
3
Suppose -4 = 3*o - 5*p, -14 = -0*o + 5*o - p. Let f(g) be the third derivative of -g**5/60 - 5*g**4/24 - g**3/3 - 3*g**2 - 2. Determine f(o).
4
Suppose 0 = -4*h + 2*x + 2, 2*h = 3*x + 2 - 11. Let y(l) = 2*l - 2*l**2 - 3*l + h + 3*l**2. Determine y(3).
9
Let d be 3*((-2)/(-1) - 1). Let c(a) = d + 9*a - 2 - 8*a. Give c(-4).
-3
Let b(a) = -36*a**3 + 4*a**2 + 4*a - 4. Let c(r) = 12*r**3 - r**2 - r + 1. Let k(i) = -2*b(i) - 7*c(i). Give k(1).
-13
Let t(p) = -4*p**2 - 5*p - 4. Let m(o) = -o - 1. Let x(v) = -4*m(v) + t(v). Calculate x(-2).
-14
Let q(t) be the second derivative of -t**6/360 + t**5/24 + t**3/3 - 4*t. Let g(u) be the second derivative of q(u). Calculate g(4).
4
Let f(h) = -2*h - 3. Suppose -3*d + 0*l + 3*l = -15, 0 = -2*l - 10. Suppose -n = 2 - d. Determine f(n).
1
Suppose 0*s = s - 3*f + 8, -5*s - 2*f = -11. Suppose 44 = -4*l + 5*a, 5*l = 3*a + s - 43. Let v(y) = 2*y + 6. Give v(l).
-6
Let k(o) be the first derivative of o**3/3 + o**2 + 2*o + 1. Let z(t) = t. Let w(h) = 6*h - 2. Let v(q) = -w(q) + 5*z(q). Let n be v(5). Give k(n).
5
Suppose -4*w - 2*c + 35 = 1, -5*w + 5*c + 5 = 0. Let r(t) = -t**3 + 5*t**2 + 4*t + 2. Give r(w).
-10
Let a(h) = 19*h**3 - 2*h + 1. Let g be a(1). Let j(p) = g*p - 17*p - 1 + 2. Give j(-1).
0
Let r(l) = -l. Let p(v) = v**3 - 15*v**2 - 15*v - 16. Let u be p(16). Give r(u).
0
Let z = 8 + -13. Let r(d) = 2*d + 3. Calculate r(z).
-7
Suppose 2*x - 2*k = -2, 3 + 0 = -k. Let o(h) = -h**2 + h - 1. Give o(x).
-21
Let g(l) = -l**3 + l**3 - l**2 + l - 2*l**3 + 1. Let y = 18 - 19. Give g(y).
1
Let s(l) = 3*l - 7. Let c = 8 - 3. What is s(c)?
8
Let y(f) be the first derivative of -f**4/4 - 5*f**3/3 - 3*f**2/2 - 6*f - 29. D